ate d(x).
-40
Let j(u) be the first derivative of -u**3 - u**2 + 13*u - 143. What is j(0)?
13
Let i(r) = 13*r**2 - 5114170 - 8*r**2 - r**3 + 5114197 + 24*r**2 - 55*r. Determine i(27).
0
Let i(w) = 247*w + 250. Let k be i(-1). Let g(s) = -1 - 4*s - 1 + 0. What is g(k)?
-14
Let g(i) = -i**2 + 3*i + 4. Suppose 4*h + 26 + 89 = 3*t, -4*t + 170 = -2*h. Let q = t + -44. Let w be (q + (-1)/(-5))/(3/15). Determine g(w).
-14
Let z(m) be the second derivative of m**4/12 - m**3/6 + 4*m**2 - 1052*m. Calculate z(4).
20
Let x(m) = -2*m**3 + m**2 + m + 3. Let z(v) = 2*v**3 - 2*v**2 - v - 3. Let k(j) = -3*x(j) - 2*z(j). Determine k(-1).
-3
Let u(w) = -w**3 + w - 1. Let k be 76/(-4)*(3 + (0 - 0)). Let h = -54 - k. Let x(p) = 2*p**3 + 5*p**2 - 7*p + 5. Let q(c) = h*u(c) + x(c). Determine q(4).
2
Let m(f) = -f**3 + 24*f**2 + 22*f + 77. Let i be m(25). Let v(q) = -q**2 - 2*q + 49 + 3*q**2 - 5*q - 53 - 3*q**i. Give v(-6).
2
Let o(n) = 6*n**2 - 10*n - 2. Let x = 119 + -115. Let j(t) = -5*t**2 + 9*t + 2. Let w(u) = x*o(u) + 5*j(u). What is w(6)?
-4
Let t(a) = 230*a - 228. Let m be t(1). Suppose 2*q - 1 = 5. Let p(u) = -2 - u**2 + 0*u - 2*u**2 + 4*u + 0*u**q + 2*u**3. What is p(m)?
10
Let w = -7567 - -7567. Let u(m) = -m**3 + m**2 - 4*m + 10. Calculate u(w).
10
Let v(s) = -6. Let p(z) = z - 23 - 23 + 55 - 21. Let l = -11 + 6. Let r(o) = l*v(o) + 3*p(o). Calculate r(4).
6
Let w(t) = t - 6. Let d(x) = x**3 + 26*x**2 + 118*x + 1665. Let r be d(-24). Let p(g) = g**2 + 1. Let q be p(3). Let j = q + r. Give w(j).
-11
Let d(g) = 14*g + 1. Let j(s) be the third derivative of s**4/12 - s**3/6 - 152*s**2. Let o be j(1). Calculate d(o).
15
Let q(i) = -5*i + 13. Let x be ((-1)/(-4) - (-21)/21)*(2 + 2). What is q(x)?
-12
Let v(p) = -p**2 - 9*p + 43. Let l be v(-12). Let q(n) = n**2 - 16*n - 1. What is q(l)?
-64
Suppose 3*o = -4*c - 2401, -1735 = 2*c - 5*o - 528. Let r = -605 - c. Let k(a) = a**2 + 2*a - 2. What is k(r)?
6
Suppose -2*n = -2 + 4. Let l be (-24)/11 + n*6/(-33). Let f(u) = -3*u - 5. Determine f(l).
1
Let g(f) = -10*f + 13 - 40 - 1 + 5. What is g(-7)?
47
Let r(g) = -g**2 + g - 1. Let s(o) = -15*o**2 + o. Let z(h) = -r(h) + s(h). Suppose 3 = p, -1350*p + 10 = -2*n - 1346*p. Give z(n).
-13
Let w(r) = 5*r**3 - r**2 + 4*r + 2. Let h be w(-4). Let u = h + 355. Let c(g) = 3*g - g**2 + 4 + 3 + g. Calculate c(u).
2
Let v be (1/(-3))/(1/(-18)*3). Let h(x) = v*x + 8*x + x - 8*x. Determine h(2).
6
Let r(c) be the second derivative of 3*c + c**3 + 0 - 9/2*c**2 + 1/12*c**4. Suppose 3*t + 1 + 2 = 0, 20 = -3*x + t. Give r(x).
-2
Let w(y) = -y**2 - 2*y - 11. Let c be 134 - ((-2)/3)/(22/(-165)). Let x be (c/(-18) + 7)*0. What is w(x)?
-11
Let p = -98 + 103. Let y(x) = 53 - 2*x - 52 + p*x. Let n be (3/1 - 2) + -4. Determine y(n).
-8
Let f(t) = 27*t**3 - 37*t**2 - 5*t - 39. Let y(b) = -23*b**3 + 33*b**2 + 5*b + 41. Let s(d) = -6*f(d) - 7*y(d). Give s(-9).
-8
Let w(t) = t**3 + t**2 + 3*t - 1. Let g = -455 - -452. Calculate w(g).
-28
Let z(x) = -x**3 + 9*x**2 - 20*x + 3. Let y be -15 - (-9 - 7) - 4/(-1). Give z(y).
3
Let h(x) = -2*x**2 + 4*x. Let a = 525 + -523. Suppose 27 = -b + 5*p + 5, 4*b - 2*p - a = 0. Calculate h(b).
-6
Let z(u) = -u**3 + 13*u**2 - 22*u + 2. Let o = 157 + -146. Calculate z(o).
2
Suppose -f + 4*n - 7 = 0, 9*f - 14*f + 3*n = -16. Let j(p) = p + 20. Give j(f).
25
Let g(i) = -21*i**2 + 9*i + 1. Suppose 0 = -14*o - 8024 + 8038. What is g(o)?
-11
Let k(o) be the third derivative of -o**6/120 + 17*o**5/60 - 5*o**4/8 + o**2 + 42. What is k(16)?
16
Let h(i) = -i**2 + 10*i - 4. Let w = -37 + 39. Let a(p) = -2*p**2 - 1 - w + 11*p - 9*p + 9*p. Let q(x) = -2*a(x) + 3*h(x). Determine q(-9).
3
Let q(r) = 2*r**2 - 26*r + 114. Let m be q(7). Let s be (m/(-24))/(2/8). Let k(g) be the first derivative of -g**4/4 - 4*g**3/3 + 3*g**2 + 5*g - 1. Give k(s).
0
Let j(c) be the first derivative of -c**2/2 + 3*c + 881. Suppose 0 = -0*o - 5*o - 15. Determine j(o).
6
Let a(b) = 27*b + 190. Let d(x) = 8*x + 60. Let m(l) = 2*a(l) - 7*d(l). What is m(-20)?
0
Let s(g) = g**3 - 42*g**2 + 42*g - 49. Suppose -3050 = -91*f + 125 + 556. Calculate s(f).
-8
Let o be -3 + (-80)/(-6 - 10). Let g(p) = 3*p - 3. What is g(o)?
3
Suppose -o - 8 = 3*s, -s - 4 - 1 = -2*o. Let j(r) = 7*r + 1. Let x(u) be the first derivative of -3*u**2 - u - 6. Let w(p) = s*j(p) - 4*x(p). What is w(2)?
7
Suppose 112 = 13*n - 15*n. Let r = n + 66. Let x(p) = -p - 3 - 8 + r. What is x(3)?
-4
Let u(c) = -57*c - 407 + 62*c - 117*c + 59*c. Give u(-8).
17
Let d(a) = -6*a - 5. Let t(c) = 24*c + 20. Let v(n) = -3*d(n) - t(n). Determine v(-1).
1
Suppose 5 = -7*l + 19. Let i = -122 - -124. Let z(c) = 5*c - l - i - 6*c + 6. What is z(8)?
-6
Let p(c) = -c**3 + 7*c**2 - 9*c + 11. Let t be p(6). Let l be (t - 2)*-1*(-28)/(-63). Let a(n) = 3*n - 6. Calculate a(l).
6
Let o(q) be the second derivative of -q**5/120 + q**4/12 + 2*q**3/3 + 29*q**2/2 + 41*q. Let k(d) be the second derivative of o(d). Calculate k(7).
-5
Let n(o) = -19*o - 48 + 24*o - 39 + 77. Calculate n(4).
10
Let u(f) be the second derivative of -f**5/10 + f**4/6 + f**3/6 - 2*f**2 - 1992*f. What is u(-3)?
65
Let n(m) = -7575*m**2 - 60 - 7577*m**2 - 14 + 15153*m**2 - 7*m. Calculate n(-6).
4
Let t(d) = 11*d**2 - 16*d + 10. Let q(f) = 34*f**2 - 50*f + 31. Let k(m) = 6*q(m) - 19*t(m). Calculate k(3).
-37
Let h(x) be the first derivative of -1/2*x**2 + x**3 + 0*x - 1/4*x**4 - 31. Determine h(3).
-3
Let n(k) be the third derivative of 5*k - 1/10*k**5 + 7/24*k**4 - 1/120*k**6 - 7/6*k**3 + 13*k**2 + 0. Give n(-7).
-7
Let v(q) be the second derivative of -5*q**3/6 - 21*q**2/2 + 2947*q. Give v(-5).
4
Suppose 125 = -5*g + 4*s - 154, 4*s = g + 59. Let f = g - -62. Suppose -q - f = 2*u, 4*u - u = -3. Let t(x) = -x**2 - 2*x + 4. What is t(q)?
-11
Let c(m) = m + 7*m + m**2 - 5 - 4*m. Let a = 907 - 913. What is c(a)?
7
Let j(z) = z**2 - 6*z - 25. Let n be j(9). Let i(h) = h**3 - n*h**3 + 1 - 13*h + 15*h. Determine i(-2).
5
Let g(p) = 9 + 13 - 47 + 3 + 11 + 3*p + 3*p**2. Determine g(-3).
7
Suppose 2*b = 3*w + 41, 0*b - b + 26 = 4*w. Let z(h) = 6 - b*h - 27*h + 50*h. Calculate z(-7).
-1
Let c(q) = -4*q - 70. Let n = 11293 - 11309. Give c(n).
-6
Let p = 9796 - 9788. Let o(r) = r**3 - 6*r**2 - 12*r - 42. Calculate o(p).
-10
Let f(h) = h**2 - 11*h + 6. Let z(q) = q**3 - 7*q**2 + 4*q - 30. Let k be z(7). Let c(p) = -32*p - 55. Let v be c(k). Calculate f(v).
-12
Let z be -1 + (-9)/3 + 3. Let h be (-1 - z - -2)/((-30)/(-180)). Let n = h + -5. Let u(j) = -j**3 + 8*j**2 - 10*j + 10. What is u(n)?
-11
Let b be 33/99*-24 + (-7)/((-28)/40). Let a(v) = -2*v - 1 - 4*v + 5. Calculate a(b).
-8
Let o(c) = -9*c - 94 - 17 + 12*c - 7 - 8*c. What is o(-24)?
2
Let v(d) = -5*d**2 + 3. Let h(u) = -4*u**2 - 3. Let o(w) = -h(w) + v(w). Determine o(2).
2
Let k(l) = -2*l. Let c = -82 - -79. Suppose -3*w - 133 = -28. Let f be -2 + w/15 + (-1)/c. Determine k(f).
8
Let q(v) = -17*v**2 + 4*v - 22. Let k(a) = -13*a**2 + 3*a - 20. Let w(p) = 4*k(p) - 3*q(p). What is w(6)?
-50
Suppose -2*b = 4*p - 14, -30 + 5 = -5*p - 5*b. Let c(d) be the third derivative of 0 - 1/24*d**4 + 1/2*d**3 + 0*d - d**p. Determine c(6).
-3
Let p(g) = 101*g - 1515. Let r be p(15). Let c(h) = 2*h - 21 + 0*h - 3*h. Determine c(r).
-21
Suppose q = -g + 2, 23 - 9 = -5*g + q. Let o(h) = 2*h**2. Give o(g).
8
Let q(k) be the third derivative of k**6/120 - k**5/30 - k**4/2 + k**3/3 - 129*k**2 + 2. What is q(4)?
-14
Let f(u) = -4 + 699*u + 3 + 649*u - 3 - 1357*u - u**2. What is f(-13)?
-56
Suppose 3*i - 7 = -19. Let q(p) be the second derivative of p**5/20 + p**4/6 - p**3 + 7*p**2/2 + 3*p - 737. What is q(i)?
-1
Let k(n) = -5*n**2 + 13*n + 12. Suppose 75 = -12*i + 111. What is k(i)?
6
Let s(j) = -13*j**3 + 30*j**2 - 32*j + 12. Let o(q) = -7*q**3 + 15*q**2 - 16*q + 6. Let y(x) = 11*o(x) - 6*s(x). Let k be 17 - -22*(-9)/66. What is y(k)?
22
Let t(z) = z - 4. Let d = 26 + -11. Suppose 5 = 5*f - 2*m, -d*f = -19*f - 4*m + 32. Calculate t(f).
-1
Let r be ((-3)/6)/(1/(-14)). Let h(x) be the second derivative of -x**3/2 + 13*x**2/2 - x - 1171. Give h(r).
-8
Let c(t) = 11 - 21*t - 28*t + 65*t - 57 - 22*t. Determine c(-15).
44
Let m(y) = -y**3 + y**2 - 2*y + 4. Let z(s) = 3*s**3 + 15*s**2 + 3*s - 34. Let r be z(-4). Give m(r).
-4
Let p(i) = -i + i**2 + 6*i - 2*i + 21 - 19. Su